3*t. Suppose j = 2*i + 2*i - 5*l - 441, 3*i + 4*l - 354 = 0. What is the units digit of i?
4
Suppose -6*l + 10*z + 57684 = -4*l, 0 = -5*l + 5*z + 144350. What is the tens digit of l?
7
Suppose -5*l + 6*l = -3*a - 1208, 0 = l - 1. Let m = a - -488. What is the units digit of m?
5
Let w = -8 + 16. Suppose -5*i + i + w = 0. Suppose i*g = -0*g + 2, -4*x = g - 337. What is the units digit of x?
4
Let i be (3 + 15/(-9))*-72. Let d = 92 + i. Let z = d - -33. What is the units digit of z?
9
Suppose -4*y = 8*y + 11*y - 147315. What is the tens digit of y?
0
Let o = -861 + 441. What is the hundreds digit of (o/9)/4*-93?
0
Suppose -4*u = 8*t - 219412, 20*t = 21*t + 2*u - 27419. What is the thousands digit of t?
7
Let a be 2/(-6)*10*(-27 + 9). Let u be -6*10*(-45)/a. Suppose 3*p + 6 = 0, s - 5*p - 78 = u. What is the tens digit of s?
1
Let n = 265 - 260. Suppose -2614 = -4*p - 2*i, 2*p = n*i + 1428 - 91. What is the hundreds digit of p?
6
Let y = -115 + -1. Let g = 118 + y. What is the tens digit of 1920/10 - 4/g?
9
Let d(f) = 24*f + 338. Let m be d(-14). Suppose 2344 = m*j - 108. What is the thousands digit of j?
1
Let u(a) be the second derivative of a**5/15 + a**4/4 - 8*a**3/3 + 12*a**2 - 12*a. Let o(d) be the first derivative of u(d). What is the tens digit of o(5)?
1
Let x = 7 + 44782. What is the thousands digit of x?
4
Let v(i) = -i**2 - 11*i + 5. Let p be 2/(4/(-66)*3). Let u be v(p). What is the tens digit of (2 - u)*4/(4/(-5))?
1
Suppose -5*a + 27750 = 5*b, 35*b = 31*b - a + 22194. What is the units digit of b?
8
Let d = -76 + 135. Let o = 158 + -53. Suppose 4*g - o = d. What is the tens digit of g?
4
Suppose 5*a = 4*b + 15928 + 12523, 2*b + 22768 = 4*a. What is the units digit of a?
5
Suppose 0 = 15*t - 17*t. Let v be (-4)/2 - t/14. What is the units digit of 114/4 + 1/v?
8
Suppose 12 = 3*i, -2*l = -4*l - i + 11246. Suppose 3*j = -4*j + l. What is the hundreds digit of j?
8
Let d be 2*1/4 - (-1)/(-2). Let x = 138 + -8. Suppose 3*f - 80 - x = d. What is the tens digit of f?
7
Suppose -2*n = 4, 150*n = 3*s + 149*n - 125306. What is the units digit of s?
8
Let n be (1 - 5)/(18/(-13671)). Suppose 15*h - 18907 = n. What is the hundreds digit of h?
4
Let z be -8 - (-5)/(-4)*4/(-1). Let n(a) = -7*a**3 - 4*a**2 - 11*a - 10. What is the hundreds digit of n(z)?
1
Let b be ((-24)/5)/((-120)/(-6800)). Let t = b + 470. What is the units digit of t?
8
Let q(n) = -3*n + 15. Let w be q(4). Suppose 0 = -2*l - 0*h + 4*h + 2176, -w*l + 5*h + 3259 = 0. What is the thousands digit of l?
1
Suppose 0 = 4*j - 7*j. Suppose 5*s + j*s = 20. Suppose 549 = s*x + o, -5*x + 62 + 627 = 4*o. What is the tens digit of x?
3
Let x = -35194 + 60132. What is the tens digit of x?
3
What is the units digit of 21*(-21765)/(-180)*4?
7
Suppose -4*i + 12523 - 67871 = -5*x, 3*x = -2*i + 33178. What is the hundreds digit of x?
0
Let d(f) = -139*f**3 + 6*f**2 + 23*f - 9. What is the units digit of d(-4)?
1
Suppose -5*z + n + 5554 = -0*z, -4*n = -4. Suppose -5*a + 3*q = -z, q - 5 = -7. What is the units digit of a?
1
Let u = -384 - -620. What is the units digit of u?
6
Let l = -10 - -16. Suppose -l*a + 12*a = 1704. Suppose -3*c + 4*s + a = 0, 5*c + 5*s = s + 420. What is the tens digit of c?
8
Suppose 4*i = 3*i + 624. Suppose -10*p = -i - 3676. What is the tens digit of p?
3
Suppose 5*b - 294 = 19*b. Let w be 5 - 279/b - (-4)/(-14). Suppose 8*f - 70 = w. What is the tens digit of f?
1
Let b(f) = f**2 + 12*f + 36. Let s be b(-6). What is the hundreds digit of 348 + -1 - (s + 3)?
3
What is the units digit of 149471/(-35)*(-30 - -25)?
3
Let b = 53 + -43. Suppose 6*v = b*v + 4. What is the tens digit of (-15 + 1)/((-2)/(-2)*v)?
1
What is the hundreds digit of 7116/24*48 + 4?
2
Let i(t) = 3*t**2 - 15*t - 30. Suppose 2*q - 2*p = -22, -2*p - 5 = 15*q - 14*q. What is the units digit of i(q)?
8
Suppose -11030 = -3*s - m, 3*m - 3882 = 5*s - 22256. What is the hundreds digit of s?
6
Suppose -2*h = 2*l - 458, 0 = -5*l + 7*h - 3*h + 1109. Let w = l + 52. What is the hundreds digit of w?
2
Let b be (0/47)/(1*-1*3). Suppose b = -2*p - y + 2523, y = -5*p + 5*y + 6327. What is the thousands digit of p?
1
Let z(a) be the first derivative of -3*a**4/2 + a**3/3 - 5*a**2 - 20*a - 34. What is the tens digit of z(-5)?
0
Suppose -5*q = -3*a + 16875, -2*a + 2*q + 301 + 10941 = 0. What is the thousands digit of a?
5
Let q(a) = a**3 + 18*a**2 - 272*a + 31. What is the ten thousands digit of q(22)?
1
Suppose 18*n = 2529 + 495. Suppose -111 = -3*c + 6*c. Let m = c + n. What is the tens digit of m?
3
Let l(t) = 5*t**3 - 7*t**2 - 18*t + 4. Let h be l(11). Suppose 0 = -37*u + 23*u + h. What is the units digit of u?
1
Let i = 18817 - 5480. What is the tens digit of i?
3
Suppose -v - 99 = -4*r, 5*r + v - 4*v = 115. Let u = 132 + r. What is the tens digit of u?
5
Let q = 344 + -154. Suppose j - 450 = 2*g + 3*g, 0 = -3*g + 5*j - 270. Let f = q + g. What is the tens digit of f?
0
Let s be ((-3)/12*6)/((-2)/(-64)). Let f be (-11038)/(-18) + s/216. Let j = -341 + f. What is the tens digit of j?
7
Let c = -71 + 76. Suppose 0 = c*u + 104 - 684. Suppose -4*s = 6*a - 2*a - u, -5*a + 143 = 4*s. What is the tens digit of a?
2
Let m(o) = o**3 - 34*o**2 + 63*o + 32. Let v be m(32). Suppose k + b - 4*b = 693, v = -k - b + 705. What is the units digit of k?
2
Let a(m) = -198*m - 8. Let v = -69 + -8. Let l = -78 - v. What is the units digit of a(l)?
0
Suppose -5*m + 8 = -4*o, 3*m - 31 + 25 = 2*o. Suppose -5*k + 155 = 3*x, 5*k - 180 + 25 = 3*x. Suppose 125 + k = o*y. What is the tens digit of y?
5
Suppose -5*d + 2*b = -2*d - 1461, 1449 = 3*d + 2*b. Let u(f) = 107*f**3 + f**2 - f. Let i be u(1). Suppose 6*y + i - d = 0. What is the tens digit of y?
6
Suppose -7 + 2 = s, 0 = -t - 5*s - 22. What is the tens digit of t/(-7*(-1)/259)?
1
Let p be 208/(-13) - 20/(-5)*2. Let v(q) = 2*q**2 - 10*q - 18. Let x(c) = 2*c**2 - 9*c - 19. Let n(y) = -2*v(y) + 3*x(y). What is the hundreds digit of n(p)?
1
Let r(j) = 231*j - 3. Let w(l) = 2*l - 1. Let q(f) = r(f) + 5*w(f). What is the units digit of q(6)?
8
What is the thousands digit of (36500928/(-90))/(-16) - 2/(-15)?
5
Let r(g) = g**2 - 16*g + 7. Let j(a) = 1. Let x(n) = -4*j(n) - r(n). Let v be x(14). Let m = 10 + v. What is the units digit of m?
7
Let y(i) = i**3 + 10*i**2 + 3*i + 8. Let g be y(-8). Suppose -13*b = -14*b + g. What is the units digit of b?
2
Suppose -47*g + 9969 - 20658 = -182568. What is the hundreds digit of g?
6
What is the hundreds digit of (-5 + 15343/5)/((-4)/(-30))?
9
Let x(s) = -3 + 6 - 29 - 14*s - 5*s**2 - 8. Let o(t) = t**2 + 3*t + 7. Let z(i) = 11*o(i) + 2*x(i). What is the units digit of z(-11)?
5
Let f be (44/(-33))/((-4)/(-114)). Let i = f - -577. What is the units digit of i?
9
Let c = -353 + -174. What is the units digit of 1/(-2)*(c - -1)?
3
Let a(u) = -u**3 + 2*u**2 + 84*u + 58. Let t be a(-8). Let w = 20 + 11. Let y = w - t. What is the units digit of y?
5
Let x = 19 - 22. Let a be (3/x - -1)/1. Let u(w) = -w + 65. What is the tens digit of u(a)?
6
Let i = 247 + -255. What is the units digit of (9/2)/(i/960*-1)?
0
Let n(q) = 6*q**2 + 5*q + 13. Let p be n(12). Suppose -743 = -6*a + p. What is the hundreds digit of a?
2
Suppose 17*t + 8386 = 3*t. Let d = t + 862. What is the hundreds digit of d?
2
Let w(v) = -13*v**2 - v**3 - 23*v**2 + 14*v + 7 - 96. What is the hundreds digit of w(-37)?
7
Let u = -598 - -1193. What is the hundreds digit of u + (-6)/8*4?
5
Let b be (36 - 28) + 1 + -3. What is the units digit of (-3 + 0 - -2)*(-1074)/b?
9
What is the tens digit of 2*238930/8*(189/(-15) - -13)?
9
Let g be 4/(-3 + 7)*(2 - 2). Suppose 2*q - y - 344 - 263 = g, 0 = 4*q - y - 1211. What is the units digit of q?
2
What is the ten thousands digit of (12 - 7) + 1 - (-109638)/9?
1
Let m = -5 - -12. Suppose 5*b = -4*d + 8769, 0 = -5*d - 2 + m. What is the tens digit of b?
5
Let t = 4368 + 43636. What is the hundreds digit of t?
0
Let r be ((-24)/14)/((-136)/70 + 2). Let g = r + -60. What is the units digit of (1 - -3) + -7 - g?
7
Suppose -4*w - 33*m + 34*m + 202179 = 0, -4*m = 5*w - 252729. What is the hundreds digit of w?
5
Let k(g) = -6*g - 19. Let i be k(-15). Let s = i + -67. What is the tens digit of (-537)/(-5) + -3 - s/10?
0
Suppose -64*t - 546889 + 1694281 = 64*t. What 